40. What is d(u)?
2
Let x(y) = 8*y - 1. Let r(l) = -7*l + 3. Let c(p) = 7*r(p) + 6*x(p). Calculate c(22).
-7
Let k(q) be the first derivative of -11*q**2 + 123*q - 3221. Determine k(5).
13
Let y(b) be the third derivative of -10*b**4/3 + 17*b**3/6 + b**2 + 123. Determine y(-2).
177
Suppose 130 + 44 = 3*a. Let y(m) = 35*m + 30*m + 5 - m**2 - a*m. Let p be (7/(-4))/((-1)/4). Give y(p).
5
Let t(m) = 10*m**2 + 3*m - 7. Let h be t(-1). Let g(r) be the third derivative of h*r + 0 + 1/12*r**4 - 11*r**2 - 1/6*r**3. Calculate g(2).
3
Let a(q) be the third derivative of q**7/5040 - 7*q**6/360 - 277*q**5/60 + 238*q**2. Let b(o) be the third derivative of a(o). Give b(11).
-3
Let g(p) = -p**3 + 7*p**2 - 19*p + 18. Let s be (1775/(-75) + 24)*15. Give g(s).
-27
Let a be -1*1*-1*1. Let i(j) be the third derivative of -j**6/24 - j**5/60 - j**4/24 + j**3/6 - 7*j**2 - 185*j - 2. Give i(a).
-6
Let y = 3799 - 3798. Let z(t) = -14*t**2 + 3*t - 2. Calculate z(y).
-13
Let y = 271 - 269. Let l(q) = -2 + y - q**2 - 8 + 10*q + 2. What is l(8)?
10
Let t(j) = 9050*j + 7*j**2 + 4 - 9028*j - j**3 + 1. Determine t(-2).
-3
Let d(p) = -p + 12. Let x = 2231 - 2237. What is d(x)?
18
Let k(t) be the third derivative of -t**5/60 + t**4/12 - 2*t**3/3 + 24*t**2. Suppose -5 = 5*y, -2*j - 4*y - y - 237 = 0. Let a = j + 121. Give k(a).
-19
Let f be ((-29)/(-87) - 1)*(1 + 5). Let k(y) be the second derivative of -5*y**3/3 + 3*y**2/2 - 3*y. Give k(f).
43
Let c(k) = k**3 + 4*k**2 - 4*k - 1. Suppose -15*y = 7 + 53. What is c(y)?
15
Suppose 18 = -2*l + 4*f, 3*f - 3 - 4 = -5*l. Let x be 100/2 + (1 + l)/(-1). Suppose 13*n = 8*n - x. Let c(h) = -h**3 - 9*h**2 + 9*h - 10. What is c(n)?
0
Let s(q) be the third derivative of q**4/8 + q**3/2 + 6*q**2. Let f be ((-2)/(-12))/(2 - 33/18). Let r = f + -3. Give s(r).
-3
Let g(s) = 7*s**3 - 5*s**2 - 8*s - 3. Let m(o) = -3*o**3 + 2*o**2 + 1 + 3*o**2 - 3*o**2 + 4*o. Let q(l) = 2*g(l) + 5*m(l). What is q(-3)?
14
Suppose -7*l + 2*l = -185. Suppose -4*b - 2*w = -4 - 18, 5*w = -4*b + l. Let z(q) = 19*q**b - 9*q**3 - 11*q**3 + 2 - 2*q**2 + 2*q. Determine z(-3).
5
Let z be ((-13)/3 + 4)/(5/(-45)). Let b(f) be the first derivative of -1/2*f**2 - 7*f - z. Determine b(0).
-7
Let u(z) = z**2 - 4*z - 6. Let s(v) = -v + 6. Let n be 3*(-2 + (-40)/(-12)) + -2. Let x be s(n). Give u(x).
-6
Let w(d) = -95*d**3 + 4*d**2 - d - 6. Let l(t) = 472*t**3 - 22*t**2 + 7*t + 32. Let h(g) = -2*l(g) - 11*w(g). Calculate h(1).
100
Let c(a) = 25*a - 12. Suppose 19*x - 72*x - 195 = 12*x. Determine c(x).
-87
Let f(b) be the second derivative of -b**6/72 - b**4/12 + 3*b**3/2 - 3*b. Let i(w) be the second derivative of f(w). What is i(-2)?
-22
Suppose -d - 3*t + 9 = 0, 5*t - 4*t = -5*d + 59. Let m(n) = 0 - 14*n + 2 + 30*n - d*n. Determine m(-3).
-10
Let t = -358 + 368. Let z(k) = -2 - k**3 - 6*k**2 - 2 + 5*k + t. Give z(-7).
20
Suppose 1 + 5 = -3*z. Let a be (z - 2 - 1)/1. Let r(b) = -73*b**2 + 36*b**2 - 6 - 1 + 36*b**2 - 12*b + 5*b. Determine r(a).
3
Let w(b) be the first derivative of b**3/3 + 2*b**2 + 3*b + 1. Let s be (-12)/(-60)*(-10)/4*-24. Let p be s/(-4) - (10 + -8). Calculate w(p).
8
Let j(y) = -4*y**3 + 4*y**2 + 8*y + 5. Let o(t) = -t**3 + t + 1. Let s(l) = -j(l) + 5*o(l). Let z(x) = -x**2 - 26*x - 107. Let w be z(-21). Give s(w).
-2
Let k = -39 - -44. Let j(r) be the second derivative of -r**5/60 + 7*r**4/24 + r**3/6 + 34*r**2 - 15*r + 2. Let c(i) be the first derivative of j(i). Give c(k).
11
Let a(o) be the second derivative of o**5/20 + o**3/3 - 15*o**2 + 40*o + 3. What is a(0)?
-30
Let q(v) be the second derivative of v**3/6 - 43*v**2 - 1701*v. Give q(28).
-58
Let z be (-54 + 25)/29 - -5. Let q(n) = 8*n - 11. Let d(b) = 23*b - 32. Let f(r) = -3*d(r) + 8*q(r). Give f(z).
-12
Let t be -2 - (10/6)/5*0. Let w be 1/t*-10 - (2 + 2). Let d(q) = 2*q**2 - 2*q - 13. Let n(r) = -r**2 + r + 6. Let k(s) = 6*d(s) + 13*n(s). What is k(w)?
0
Suppose -4*z = -9*z + 110. Let w(i) = -8 + 24 - 2*i - z. Calculate w(-3).
0
Let k = 47 + -109. Let u = -54 - k. Let j(h) = h**2 + 6*h - 7. Let m(n) = -4*n**2 - 17*n + 20. Let z(w) = 7*j(w) + 2*m(w). What is z(u)?
-9
Let r(q) = -q**2 - 29*q - 1. Suppose -2*j = -g + 1, 0 = -89*j + 94*j + 2*g - 2. Determine r(j).
-1
Let c(x) = -x**2 - 13*x - 18. Suppose -23 = 32*h + 393. What is c(h)?
-18
Let n(g) = g**2 + 26679*g + 26660*g - g**3 + 2*g**3 - 53340*g. Let l be (-1 - 0)*-3*1. Let r be -1 - 0 - l/(-1). What is n(r)?
10
Let c(q) = -13*q + 6*q + 4*q + 4*q + 0*q. Let g be 3/(-6) - (-50)/(-4). Let h be (-37)/g - 4/(-26). Give c(h).
3
Let s(l) be the second derivative of l**4/12 + 2*l**3/3 - l**2/2 + 197*l. Suppose 2 = 2*h + 6. Calculate s(h).
-5
Let i(l) = 25*l**3 - 12*l**2 + 28*l + 16. Let c(o) = 29*o**3 - 13*o**2 + 34*o + 16. Let a(d) = -6*c(d) + 7*i(d). What is a(7)?
9
Suppose -207 = 5*w + 2*u - 203, u = -5*w + 3. Let j(o) be the first derivative of 5/3*o**3 + 2*o + 5/2*o**w + 1/4*o**4 - 19. Determine j(-4).
-2
Let q be 2/(-4) - (-3)/6. Let x(z) = -3076 - 5*z**2 + 3062 + 4*z**2. What is x(q)?
-14
Let t(l) be the first derivative of -l**7/840 + l**6/90 + l**5/30 - l**4/12 - 9*l**3 + 28. Let g(w) be the third derivative of t(w). Calculate g(5).
-7
Let i(j) = 343*j - 10. Let p be i(0). Let h(v) = v**3 + 11*v**2 + 10*v + 12. Calculate h(p).
12
Let o(v) = -2*v**3 + 2*v**2 - 2*v + 4. Let m be o(0). Suppose -2*t = -4*q - 0 - 26, -q - m*t - 11 = 0. Let x(j) = j + 10. Give x(q).
3
Let z be (-18)/27 + 17/3. Let i(s) = 3*s - s + 3*s**2 - z*s - s**3 + s**2. Let l be -1 + (0/(-4) - -4). Determine i(l).
0
Let k(u) be the third derivative of -u**5/24 - 7*u**4/24 + 211*u**3/6 + 48*u**2 + u. Let q(v) be the first derivative of k(v). Calculate q(-6).
23
Let m(l) = 3*l - 8. Let t(u) = -2*u + 5. Let i = 128 + -133. Let a(s) = i*m(s) - 8*t(s). Calculate a(4).
4
Let m(r) = r**2 - 2*r + 7. Let s be m(-4). Let z = 209 + s. Let c(u) = u - z + 240. Calculate c(-5).
-5
Suppose 4*v - 12 = w + 4*w, 3*w = -3*v + 9. Let m(d) = -3*d**3 + 1 - 2*d**2 + w + 0. Suppose 27 = -7*q + 34. Give m(q).
-4
Let i(f) = 4*f**3 - 2*f**2 - 7*f + 5. Let o(g) = 4*g**3 - g**2 - 7*g + 5. Let u(r) = 3*i(r) - 4*o(r). Give u(1).
-4
Let h = 30 - 10. Let i(x) = x**2 - 19*x - 13. Let y be i(h). Let a(p) = 3 - 15 - y*p + 4 - p**3 - 8*p**2 + p**2. What is a(-6)?
-2
Let w(s) = -6*s**2 + 2. Let z be ((-14)/30)/(10/510)*-5. Suppose 9*c - z = -110. Determine w(c).
-4
Let t(a) be the first derivative of a**4/24 - a**3/2 + a**2/2 - 4*a + 63. Let s(w) be the second derivative of t(w). Give s(2).
-1
Let j(w) = 5*w**3 - 4*w**2 - 5*w + 59. Let a(d) = 34*d**3 - 28*d**2 - 35*d + 405. Let v(t) = -6*a(t) + 41*j(t). Give v(-6).
-113
Let q(s) = -176*s + 52 + 316*s - 137*s. Calculate q(-15).
7
Suppose 0 = -17*r + 21*r. Suppose -3*k + 2 - 26 = r. Let s(w) be the first derivative of w**2/2 - w + 2. Determine s(k).
-9
Suppose 73*u = 94*u - 42. Let n(v) = 9*v - 12. Determine n(u).
6
Let r(x) = 50*x - 4. Let a be r(6). Let f(d) = d**3 + 3*d**2 - 8*d - 14. Let b be f(-4). Let w(m) = 1 + 295*m**3 + 5 - 3*m**b - a*m**3 + 7*m. Give w(-4).
-6
Let u = -175 - -177. Let s be ((-2)/(-4))/((-15)/(-90)). Let c(g) = -g**s - 5*g - 5*g - 8*g**u + g. What is c(-7)?
14
Let m(p) = -7*p + 29. Let z(k) = -k - 1. Let s(q) = -m(q) - 4*z(q). Let n(g) = 4*g - 8. Let o = -20 - -23. Let i(a) = o*s(a) - 8*n(a). Give i(9).
-2
Suppose 0 = -4*s + 3*b + 59, 1 = 5*b + 6. Let c be (9/(-6) - -3)/(3/s). Suppose -4*l - 11 = -c. Let x(r) = r. Determine x(l).
-1
Let b(i) be the first derivative of -2*i - 3*i**3 - 1/2*i**4 - i**2 - 198. Calculate b(-4).
-10
Let u(m) = -5*m**2 - 25*m - 1. Let f be u(-6). Let q = 35 + f. Let k(y) = 0 + 5*y + 5 - q*y. Give k(-3).
2
Suppose 0 = -3*t + m + 20, t - 138*m - 10 = -136*m. Let w(v) = -23*v + 130. Calculate w(t).
-8
Let q(r) be the first derivative of -r**3/3 + r**2/2 + 10*r + 11136. Calculate q(6).
-20
Let j(q) = -24*q + 4. Let m(f) = -13*f + 3. Let s(x) = 2*j(x) - 3*m(x). What is s(0)?
-1
Let n be (-2 + 1 - -1) + 5. Let y(k) = -18 + 11*k + 0*k - 15*k + n*k. Determine y(13).
-5
Let q(j) = -2*j**2 - 32*j + 32. Suppose 39*c = 116*c + 1309. Calculate q(c).
-2
Let a be -1*(8 + -10) + (0 - -1). Let i(l) = 0*l + 8*l + 11*l**2 + 12 + l**a + l + 3*l. Determine i(-10).
-8
Let g(c) = 14 + 1 + 11 - c + 18 - 22. What is g(11)?
11
Let l = -50 +